est common divisor of 56 and k?
14
Suppose 12*h = 7*h + 125. Calculate the highest common factor of 25 and h.
25
Let g(y) = 4*y + 6. Let u be g(-4). Let s(z) = -6*z + 6. Let x be s(u). Calculate the greatest common divisor of 6 and x.
6
Let p(d) = -d**2 + 8*d + 9. Let z be p(8). Suppose v - 2*l - z = 6, 2*l = -4*v + 60. What is the greatest common divisor of v and 5?
5
Let z be (-1984)/(-4) + -5 + 1. Suppose -5*m + 4*v + z = 0, 5*m - 3*v - 489 = -0*v. Calculate the highest common factor of m and 32.
32
Let o(c) = -1. Let b(u) = 3*u - 1. Let f(z) = b(z) - 6*o(z). Let x be f(5). Calculate the highest common divisor of 20 and x.
20
Let a = -136 + 252. Suppose -j - 3*c + 43 = -0*j, 3*j - a = 4*c. What is the highest common factor of 5 and j?
5
Let f(m) = -m**3 + 6*m**2 + 7*m - 3. Let u = -2 + 8. Let i be f(u). Calculate the greatest common divisor of i and 13.
13
Suppose 0 = 4*t - 4*x - 4, -5*t + 17 = x. What is the highest common divisor of t and 21?
3
Suppose -n = -3*c - 180, -n + c = -0*n - 174. What is the highest common divisor of n and 9?
9
Let k(y) = y**3 + 3*y**2 - 3*y + 4*y - 1 - 5*y. Let p be k(-3). Calculate the greatest common factor of p and 55.
11
Suppose 0 = -8*y + 20 + 60. Let h(a) = a**3 + a**2 - a + 36. Let p be h(0). Let j = p - -4. What is the highest common factor of y and j?
10
Let i(g) = g**2 - 3*g + 27. Let o be i(0). Calculate the greatest common divisor of 3 and o.
3
Let l be (75/(-4))/(-1*8/32). Calculate the greatest common factor of l and 50.
25
Suppose 5*f - 2*m - 41 = 13, 2*f = -5*m + 39. Let q = 22 + f. What is the highest common divisor of 85 and q?
17
Suppose 4*x - 12 = 2*x. Suppose -i = x*i - 168. What is the highest common divisor of 12 and i?
12
Suppose 3*p - 6 = 3*b, 2*b + 2 - 10 = 0. Calculate the greatest common divisor of p and 18.
6
Let x = -34 + 51. Suppose 6*p + 544 = 22*p. What is the greatest common factor of x and p?
17
Let m = 1 + 74. Suppose -3*w - 2*w = 5*t - m, 4*w - 3*t = 60. Suppose 3*p = s - w, 8 = 3*s + 2*p - 4. Calculate the highest common divisor of 54 and s.
6
Let c(d) = -3*d + 3. Let u be c(-5). Let n(q) = q - 20. Let x be n(26). What is the greatest common divisor of x and u?
6
Let n(w) = -w**2 - 10*w - 8. Let x be (9/3)/3*-7. Let d be n(x). What is the greatest common divisor of 104 and d?
13
Let x(c) = c + 24. Let b be x(0). Suppose 2*l = 5*l - 3*o - 39, l = -5*o + 7. Calculate the greatest common divisor of l and b.
12
Let x = 142 - 94. What is the greatest common factor of x and 12?
12
Let c be (-216)/(-10) + 6/15. Let j = 38 - c. Suppose -2*u = 2*u - 576. Calculate the highest common factor of u and j.
16
Suppose 4*k = 5*v + 72, -3*v + 2*k + 26 - 70 = 0. Let d be -2 + v/(-4) - -229. What is the greatest common factor of d and 21?
21
Let p(d) = -4*d + 4. Let s be 0 + (1 - (5 - 1)). Let j be p(s). Suppose j = q + 4*f, -5*q + f + 3*f = -152. What is the greatest common divisor of 4 and q?
4
Let s(w) = 2*w**3 + w. Let h be s(1). Suppose -2*m = -3*y + 2*m + 30, m - h = 0. What is the highest common divisor of y and 126?
14
Let w = 2 + 0. Let y be 5/w*4 + 0. Calculate the highest common factor of y and 30.
10
Suppose 5*f = 3*a + 326, 6*f - f - 310 = -5*a. Calculate the highest common factor of f and 96.
32
Let h = -32 + 104. What is the highest common factor of 8 and h?
8
Suppose x = -2*y - 35, 3*x + 39 = 2*y - 26. Let w = x + 85. Calculate the greatest common factor of 24 and w.
12
Let p = 4 - 12. Let n be p/(-8) - 2*-2. What is the greatest common divisor of 35 and n?
5
Let o be 30/75 - (-1296)/10. Suppose -2*j - 170 = -s, -s - 3*j = -o - 55. Calculate the greatest common factor of 16 and s.
16
Suppose 25*p - 26*p + 28 = 0. Calculate the greatest common factor of p and 7.
7
Suppose v + 159 = 4*a + 2*v, a + 2*v = 38. What is the greatest common divisor of a and 100?
20
Let q be (-12334)/(-63) - (20/(-9) - -2). Calculate the greatest common divisor of q and 28.
28
Let p(y) = 42*y + 2. Let z be p(3). What is the highest common factor of z and 16?
16
Let t(g) = g**2 - 12*g - 4. Let h be t(7). Let r = h - -111. Calculate the highest common divisor of r and 18.
18
Suppose 2*k - 4*k = 2*i - 58, -i - 4*k = -41. Suppose -3*q = s + q - 21, -s - 3 = -2*q. What is the greatest common factor of s and i?
5
Let u = 15 + -10. Let n(z) = 3*z - 6. Let q be n(u). Let s(p) = -p + 2. Let l be s(-7). Calculate the greatest common factor of q and l.
9
Let a = 121 + -109. What is the greatest common divisor of a and 8?
4
Let c(k) = 81*k - 9. Let n be c(4). What is the greatest common divisor of n and 35?
35
Let j = -2 + -8. Let v(k) = k**2 + 10*k - 3. Let a be v(j). Let q be 1 - 1/(a/27). What is the highest common factor of q and 30?
10
Let z = 12 + -11. Let q(t) = -t + 1. Let n be q(z). Let v(m) = -m**3 + m**2 + m + 5. Let b be v(n). Calculate the greatest common factor of b and 40.
5
Suppose i + 0 = 3. Suppose -10 - 17 = -i*p. Calculate the greatest common divisor of p and 54.
9
Suppose -5*b - f = 69, -f - f = 2*b + 34. Let p = b - -19. Suppose 5*z = 3*h - 3, 3*h - 2*z = -5 + 17. Calculate the greatest common factor of p and h.
6
Suppose -13 = 4*p - 53. Let d(l) = -l**2 + 11*l + 10. Let j be d(p). What is the highest common divisor of 80 and j?
20
Let d = -153 + 223. Suppose 5*r - 4*p = d, -r - 4*p = -2*p. Calculate the greatest common divisor of r and 10.
10
Suppose 4 = -3*c + 13. Let j = -4 - -13. What is the greatest common divisor of c and j?
3
Let g be 0*(-2)/(-4)*-1. Suppose -a - 3 + 4 = g. What is the greatest common divisor of 3 and a?
1
Suppose -4*z = -9*z + 40. Calculate the highest common divisor of 8 and z.
8
Let n = 33 - 12. Calculate the greatest common factor of n and 63.
21
Let v(q) = -q**2 - 7*q + 96. Let t be v(-12). Let o(n) = n**3 + n**2 + n + 19. Let r be o(0). Let w = r - 13. What is the greatest common factor of t and w?
6
Let t be -3 - 2/((-2)/107). What is the highest common factor of 13 and t?
13
Let y(x) = 1 + 3 + x + 2. Let r be y(6). Let l be (-42)/9*r/(-8). What is the greatest common divisor of 7 and l?
7
Suppose r - 4*r - 195 = 0. Let y = r + 241. Suppose -32 = -4*v + 2*v. What is the greatest common factor of y and v?
16
Let n be 18/4 + 5/(-10). Suppose -v - 112 = -g - 3*g, 0 = 5*g - n*v - 151. What is the highest common factor of 18 and g?
9
Let k be -1 + 2*434/4. Let c be 3 + (-415)/(-20) + 2/8. Calculate the greatest common divisor of c and k.
24
Let z(d) = 2*d**3 + 2*d**2 - 2*d - 2. Let m be z(2). Suppose -2*q + m = q. What is the highest common factor of 2 and q?
2
Let w(a) = -a**2 + 6 + 11*a**2 + 4*a - 2. Let f be w(4). Calculate the highest common factor of f and 20.
20
Suppose 0 = 5*s - 2 + 12. Let i be -6 + 14 + (0 - s). Let g = 5 + -1. Calculate the highest common factor of g and i.
2
Suppose 0 = 4*i - 4*z - 24, i + z - 29 = -3*i. What is the greatest common factor of 7 and i?
7
Let i(s) = -s + 4. Let h be i(0). Suppose 2*p + 9 = h*p + 5*u, -6 = -2*p - 2*u. Suppose 0 = p*v - 4 - 98. Calculate the greatest common factor of v and 34.
17
Let m(f) = -f**2 + 5. Let q be m(0). Calculate the greatest common factor of 55 and q.
5
Let j = -17 + -4. Let u = j + 59. What is the highest common factor of u and 418?
38
Let k be (30/20)/((-3)/(-16)). Calculate the highest common factor of k and 16.
8
Let u = -5 + 7. Let r(m) = -m. Let p be r(0). Suppose 4*n - 26 = -g - p*n, -4*g - 4*n = -68. Calculate the greatest common divisor of u and g.
2
Let b(l) = l**3 + 4*l**2 - 9*l - 10. Let d be b(-5). What is the greatest common divisor of 4 and d?
2
Let v = 2 + 5. Let y(l) = -l - 6. Let f(z) = 3*z + 11. Let k(d) = v*y(d) + 4*f(d). Let u be k(2). Calculate the highest common divisor of 12 and u.
12
Let v(a) be the first derivative of 4*a - a + 3*a**2 - 2 - 6*a. Let w be v(4). What is the greatest common divisor of w and 7?
7
Let j be 4*(-3)/6 + -2. Let u = j - -11. Let n(d) = -d**2 + 8*d + 5. Let v be n(u). Calculate the highest common factor of v and 4.
4
Let i be 201/9 + (-6)/(-9). What is the greatest common divisor of 161 and i?
23
Suppose 3*b + 2*b - 30 = 0. Let v(c) = -2*c - 8. Let o be v(-12). Let l = o - 10. What is the greatest common factor of b and l?
6
Let o(z) = 2*z**3 + 11*z**2 - 2*z - 10. Let n be o(-5). What is the highest common factor of n and 125?
25
Let r(n) = n*